 66 divide 536699?
False
Is 202 a factor of 565600?
True
Is 44912 a multiple of 32?
False
Is 204135 a multiple of 93?
True
Is 219108 a multiple of 186?
True
Is 4 a factor of 147774?
False
Is 13 a factor of 716703?
True
Is 3789710 a multiple of 10?
True
Is 115871 a multiple of 84?
False
Is 533466 a multiple of 263?
False
Does 15 divide 6693060?
True
Is 318419 a multiple of 35?
False
Is 117 a factor of 79560?
True
Does 34 divide 998260?
False
Is 153 a factor of 949518?
True
Is 102782 a multiple of 11?
False
Is 132 a factor of 3910858?
False
Is 2104641 a multiple of 330?
False
Is 394154 a multiple of 134?
False
Does 34 divide 462026?
True
Is 877084 a multiple of 56?
False
Is 53 a factor of 710536?
False
Does 11 divide 48872?
False
Is 4519830 a multiple of 5?
True
Is 11571363 a multiple of 659?
False
Is 264 a factor of 250102?
False
Is 36784 a multiple of 16?
True
Is 17 a factor of 1217199?
False
Does 22 divide 3848196?
True
Is 372163 a multiple of 59?
False
Does 783 divide 556662?
False
Does 375 divide 19143979?
False
Is 26 a factor of 829162?
False
Is 674 a factor of 1371607?
False
Does 56 divide 170921?
False
Is 225445 a multiple of 541?
False
Does 652 divide 230156?
True
Is 4 a factor of 1661594?
False
Is 495 a factor of 423079?
False
Is 5192089 a multiple of 49?
True
Is 1165659 a multiple of 539?
False
Does 12 divide 333536?
False
Does 2 divide 49954?
True
Is 36 a factor of 116729?
False
Is 358892 a multiple of 166?
True
Is 360 a factor of 4151880?
True
Does 193 divide 108539?
False
Does 207 divide 369190?
False
Is 2 a factor of 47648?
True
Is 14 a factor of 10533222?
True
Does 70 divide 409198?
False
Is 280332 a multiple of 57?
False
Does 247 divide 1419378?
False
Does 190 divide 10062173?
False
Is 65 a factor of 2600520?
True
Does 23 divide 4662123?
True
Is 30 a factor of 42270?
True
Does 77 divide 711172?
True
Does 16 divide 242994?
False
Is 2610038 a multiple of 7?
False
Is 619876 a multiple of 20?
False
Does 13 divide 4453997?
False
Is 18 a factor of 316710?
True
Is 489 a multiple of 56?
False
Does 5 divide 126735?
True
Is 184 a factor of 11552046?
False
Does 11 divide 238663?
False
Does 161 divide 6601?
True
Does 11 divide 9449380?
False
Is 6 a factor of 27576?
True
Is 6 a factor of 668520?
True
Is 72 a factor of 344304?
True
Does 356 divide 1287652?
True
Is 287988 a multiple of 7?
False
Is 178087 a multiple of 19?
True
Does 241 divide 348004?
True
Is 6349530 a multiple of 22?
True
Does 35 divide 1972037?
False
Is 411 a factor of 12581943?
True
Is 267090 a multiple of 6?
True
Does 14 divide 132398?
True
Does 46 divide 1947897?
False
Is 206 a factor of 91876?
True
Is 87 a factor of 2490984?
True
Is 905431 a multiple of 422?
False
Is 74 a factor of 239316?
True
Does 730 divide 4035910?
False
Is 513040 a multiple of 16?
True
Is 66066 a multiple of 21?
True
Is 44 a factor of 11361112?
False
Is 761068 a multiple of 308?
True
Is 1155668 a multiple of 565?
False
Does 44 divide 730765?
False
Is 546543 a multiple of 24?
False
Is 7848379 a multiple of 14?
False
Is 2145244 a multiple of 11?
False
Is 243 a factor of 30329?
False
Is 88671 a multiple of 38?
False
Is 1394807 a multiple of 251?
True
Does 171 divide 158572?
False
Does 4 divide 21280?
True
Is 29269781 a multiple of 100?
False
Is 631 a factor of 757831?
True
Does 12 divide 881434?
False
Does 15 divide 115830?
True
Is 503 a factor of 995685?
False
Is 472740 a multiple of 30?
True
Is 527707 a multiple of 1009?
True
Is 51 a factor of 946509?
True
Is 2 a factor of 15955?
False
Is 6 a factor of 843713?
False
Is 428 a factor of 1104240?
True
Is 208246 a multiple of 215?
False
Is 180786 a multiple of 92?
False
Is 65 a factor of 11290245?
False
Does 64 divide 548711?
False
Is 27 a factor of 1247627?
False
Is 10 a factor of 258095?
False
Is 423 a factor of 716985?
True
Does 237 divide 468863?
False
Is 84 a factor of 169008?
True
Is 39 a factor of 2969187?
True
Is 3586253 a multiple of 841?
False
Is 307017 a multiple of 39?
False
Is 19 a factor of 107158?
False
Is 1466 a factor of 13104574?
True
Does 2 divide 714302?
True
Is 8 a factor of 5036984?
True
Is 607985 a multiple of 33?
False
Does 58 divide 893369?
False
Does 13 divide 44829?
False
Is 24 a factor of 231312?
True
Does 48 divide 157504?
False
Is 45068 a multiple of 32?
False
Does 839 divide 8548571?
True
Is 255073 a multiple of 186?
False
Is 25 a factor of 61407?
False
Does 17 divide 100756?
False
Is 61 a factor of 111221?
False
Is 1461179 a multiple of 190?
False
Does 23 divide 1550476?
True
Is 83 a factor of 107159?
False
Is 147869 a multiple of 67?
True
Is 480582 a multiple of 68?
False
Is 3663689 a multiple of 25?
False
Is 30340 a multiple of 9?
False
Does 1071 divide 37994796?
True
Is 26 a factor of 27430?
True
Is 786614 a multiple of 541?
True
Does 36 divide 157795?
False
Is 352 a factor of 3554144?
True
Is 36764 a multiple of 13?
True
Does 78 divide 74178?
True
Is 2473184 a multiple of 112?
True
Is 3415907 a multiple of 11?
True
Is 4 a factor of 616148?
True
Does 15 divide 7920?
True
Is 2242536 a multiple of 212?
True
Is 29 a factor of 101859?
False
Does 85 divide 584?
False
Does 6 divide 103926?
True
Does 161 divide 336812?
True
Does 28 divide 249760?
True
Is 73 a factor of 1474059?
False
Does 213 divide 2546580?
False
Does 13 divide 81367?
True
Does 90 divide 7511490?
True
Does 42 divide 1456584?
False
Is 2041786 a multiple of 15?
False
Is 9 a factor of 150237?
True
Does 8 divide 34656?
True
Is 315 a factor of 1086978?
False
Is 8412636 a multiple of 42?
False
Is 211900 a multiple of 172?
False
Does 15 divide 5039583?
False
Is 46 a factor of 737196?
True
Is 39 a factor of 1903359?
False
Is 765 a factor of 19125?
True
Is 65 a factor of 1845311?
False
Does 33 divide 668844?
True
Does 35 divide 1797145?
True
Is 34663 a multiple of 56?
False
Is 29 a factor of 4860305?
False
Is 50 a factor of 3010200?
True
Is 157 a factor of 212273?
False
Is 185 a factor of 111453?
False
Does 14 divide 659176?
True
Is 114763 a multiple of 2?
False
Is 24 a factor of 411288?
True
Does 248 divide 129704?
True
Is 7182 a multiple of 18?
True
Is 4 a factor of 925519?
False
Is 1380340 a multiple of 25?
False
Is 11 a factor of 3983683?
True
Is 237779 a multiple of 197?
True
Is 342536 a multiple of 8?
True
Does 556 divide 316920?
True
Is 6203524 a multiple of 155?
False
Is 24 a factor of 239112?
True
Does 90 divide 27090?
True
Is 303 a factor of 243167?
False
Is 13 a factor of 38682?
False
Does 115 divide 133733?
False
Does 10 divide 3189100?
True
Is 31 a factor of 1269915?
True
Is 747522 a multiple of 218?
True
Is 277763 a multiple of 68?
False
Is 829711 a multiple of 19?
True
Is 253 a factor of 2449799?
True
Does 238 divide 1258259?
False
Does 171 divide 3304185?
False
Is 20416 a multiple of 352?
True
Is 27 a factor of 221370?
False
Is 130326 a multiple of 14?
True
Does 43 divide 2105452?
True
Is 22 a factor of 790687?
False
Is 2086840 a multiple of 56?
True
Is 5218271 a multiple of 102?
False
Does 302 divide 987453?
False
Does 9 divide 2126000?
False
Does 13 divide 76799?
False
Is 3894852 a multiple of 8?
False
Does 118 divide 158801?
False
Is 108632 a multiple of 37?
True
Does 23 divide 106448?
False
Is 18 a factor of 632246?
False
Does 102 divide 17238?
True
Is 883278 a multiple of 18?
True
Is 138450 a multiple of 10?
True
Is 594105 a multiple of 48?
False
Does 808 divide 839512?
True
Does 14 divide 1703130?
False
Is 3420 a multiple of 12?
True
Is 976 a factor of 1832815?
False
Does 2 divide 3611?
False
Is 2020306 a multiple of 111?
False
Is 20 a factor of 13795337?
False
Does 158 divide 148289?
False
Is 13 a factor of 5666?
False
Is 2230272 a multiple of 88?
True
Does 114 divide 234657?
False
Is 1185712 a multiple of 16?
True
Is 4849342 a multiple of 166?
False
Does 43 divide 45449?
False
Is 2083560 a multiple of 358?
True
Does 218 divide 44908?
True
Is 20 a factor of 6373328?
False
Does 242 divide 6110387?
False
Is 464461 a multiple of 214?
False
Is 65 a factor of 7765904?
False
Is 13 a factor of 611?
True
Is 319 a factor of 133661?
True
Is 39 a factor of 21723?
True
Is 100 a factor of 15805?
False
Does 7 divide 23948?
False
Does 37 divide 1413733?
True
Does 100 divide 75600?
True
Is 196352 a multiple of 208?
True
Does 42 divide 85050?
True
Does 39 di